{"id":2,"date":"2013-02-19T19:40:28","date_gmt":"2013-02-19T19:40:28","guid":{"rendered":"http:\/\/kremsmuenster.action.at\/symposium\/?page_id=2"},"modified":"2023-04-06T08:43:55","modified_gmt":"2023-04-06T06:43:55","slug":"beispiel-seite","status":"publish","type":"page","link":"http:\/\/kremsmuenster.action.at\/symposium\/","title":{"rendered":"Programm"},"content":{"rendered":"<p style=\"text-align: left;\"><a href=\"\/symposium\/wp-content\/uploads\/2013\/02\/Kremsmu\u0308nster-Symposium-Programm.pdf\"><img loading=\"lazy\" decoding=\"async\" class=\"size-medium wp-image-151 alignright\" title=\"Programm als PDF\" src=\"\/symposium\/wp-content\/uploads\/2013\/02\/sujet_symposium-300x300.jpg\" alt=\"Sexueller Missbrauch in der Katholischen Kirche - \" width=\"256\" height=\"256\" srcset=\"http:\/\/kremsmuenster.action.at\/symposium\/wp-content\/uploads\/2013\/02\/sujet_symposium-300x300.jpg 300w, http:\/\/kremsmuenster.action.at\/symposium\/wp-content\/uploads\/2013\/02\/sujet_symposium-150x150.jpg 150w, http:\/\/kremsmuenster.action.at\/symposium\/wp-content\/uploads\/2013\/02\/sujet_symposium.jpg 512w\" sizes=\"auto, (max-width: 256px) 100vw, 256px\" \/><\/a>Im M\u00e4rz 2010 wurde das Stift Kremsm\u00fcnster und sein Gymnasium mit der verdr\u00e4ngten Realit\u00e4t seiner j\u00fcngeren Vergangenheit konfrontiert. Nach dreij\u00e4hriger Ermittlungsarbeit soll nun auch Anklage gegen den ehemaligen Konviktsdirektor erhoben werden, zahlreiche weitere F\u00e4lle von schwerem physischen, psychischen und sexuellen Missbrauch sind jedoch bereits verj\u00e4hrt. Auch wenn sich die \u00d6ffentlichkeit \u00fcber die Dimension der kolportierten F\u00e4lle fassungslos zeigt, gilt es nun abseits der medialen Erregung eine objektive wissenschaftliche Untersuchung jenes Umfeldes in die Wege zu leiten, das letztlich ein System des Missbrauchs im Stift Kremsm\u00fcnster erm\u00f6glicht hat. Diese Veranstaltung will dazu Historikern, Psychologen, Juristen, Theologen und auch den Betroffenen ein Podium bieten, um deren Vorschl\u00e4ge, Erfahrungen und Perspektiven in den Aufarbeitungsprozess einzubringen.<\/p>\n<h3>Donnerstag 21. M\u00e4rz 2013, 13h-20h<br \/>\n<a href=\"http:\/\/goo.gl\/maps\/BdMSX\">Wissensturm Linz<\/a> &#8211; Saal E09<\/h3>\n<p style=\"text-align: left;\">Die Veranstaltung gliedert sich in zwei Vortragsbl\u00f6cke von 13h-18h und eine abschlie\u00dfende offene Podiumsdiskussion von 18h-20h, moderiert von <a href=\"\/symposium\/organisation\/#2\">Mag. Wiltrud Katherina Hackl<\/a>. S\u00e4mtliche Vortr\u00e4ge und die Diskussion wurden vom <a href=\"http:\/\/www.ustream.tv\/channel\/educationtv\">EducationTV<\/a> der Medienwerkstatt Linz <a href=\"\/symposium\/aufzeichnung\">aufgezeichnet<\/a>.<\/p>\n<table border=\"0\">\n<tbody>\n<tr>\n<th>13h00-13h30<\/th>\n<td style=\"background-color: #f5f5f5;\">Begr\u00fc\u00dfung durch <a href=\"http:\/\/www.linz.at\/politik_verwaltung\/6284_48339.asp\"> Stadtr\u00e4tin Mag. Eva Schobesberger<\/a> und <a>Dir. Mag. Hubert Hummer<\/a><br \/>\nEinf\u00fchrung von <a href=\"\/symposium\/organisation\/#1\">Univ.-Prof. Dr. Martin Kaltenbrunner<\/a><\/td>\n<\/tr>\n<tr>\n<th>13h30-14h00<\/th>\n<td><a href=\"\/symposium\/referenten\/#1\"><strong>Andreas Huckele<\/strong><\/a><br \/>\nAutor, Absolvent Odenwaldschule<\/td>\n<\/tr>\n<tr>\n<th>14h00-14h30<\/th>\n<td><a href=\"\/symposium\/referenten\/#2\"><strong>a. Univ.-Prof Dr. Michael John<\/strong><\/a><br \/>\nHistoriker, Universit\u00e4t Linz<\/td>\n<\/tr>\n<tr>\n<th>14h30-15h00<\/th>\n<td><a href=\"\/symposium\/referenten\/#3\"><strong>Univ.-Prof. Dr. Alois Birklbauer<\/strong><\/a><br \/>\nJurist, Universit\u00e4t Linz<\/td>\n<\/tr>\n<tr>\n<th>15h00-15h30<\/th>\n<th style=\"background-color: #f5f5f5; color: #555;\">Kaffeepause<\/th>\n<\/tr>\n<tr>\n<th>15h30-16h00<\/th>\n<td><a href=\"\/symposium\/referenten\/#4\"><strong>Prim. Dr. Heidi Kastner<\/strong><\/a><br \/>\nPsychiaterin und Gerichtssachverst\u00e4ndige<\/td>\n<\/tr>\n<tr>\n<th>16h00-16h30<\/th>\n<td><a href=\"\/symposium\/referenten\/#5\"><strong>Univ.-Prof. Dr. Josef C. Aigner<\/strong><\/a><br \/>\nPsychologe, Universit\u00e4t Innsbruck<\/td>\n<\/tr>\n<tr>\n<th>16h30-17h00<\/th>\n<td><a href=\"\/symposium\/referenten\/#6\"><strong>Mag. P. Maximilian Bergmayr<\/strong><\/a><br \/>\nLehrer, Stiftsgymnasium Kremsm\u00fcnster<\/td>\n<\/tr>\n<tr>\n<th>17h00-17h30<\/th>\n<td><a href=\"\/symposium\/referenten\/#7\"><strong>Mag. J\u00fcrgen \u00d6llinger<\/strong><\/a><br \/>\nPfarrer, Absolvent Kremsm\u00fcnster<\/td>\n<\/tr>\n<tr>\n<th>17h30-18h00<\/th>\n<th style=\"background-color: #f5f5f5; color: #555;\">Kaffeepause<\/th>\n<\/tr>\n<tr>\n<th>18h00-20h00<\/th>\n<td><b>Offene Podiumsdiskussion moderiert von <a href=\"\/symposium\/organisation\/#2\">Mag. Wiltrud Katherina Hackl<\/a><\/b><\/td>\n<\/tr>\n<\/tbody>\n<\/table>\n<hr \/>\n<p><b>Konzeption und Pressekontakt<\/b>: <a href=\"mailto:martin.kaltenbrunner@kunstuni-linz.at\">Univ.-Prof. Dr. Martin Kaltenbrunner<\/a><br \/>\n<b>Organisation und Veranstalter<\/b>: <a href=\"http:\/\/www.linz.at\/bildung\/wissensturm.asp\">VHS Linz<\/a>, <a href=\"mailto:harald.wildfellner@mag.linz.at\">Mag. Harald Wildfellner<\/a><\/p>\n","protected":false},"excerpt":{"rendered":"<p>Im M\u00e4rz 2010 wurde das Stift Kremsm\u00fcnster und sein Gymnasium mit der verdr\u00e4ngten Realit\u00e4t seiner j\u00fcngeren Vergangenheit konfrontiert. Nach dreij\u00e4hriger Ermittlungsarbeit soll nun auch Anklage gegen den ehemaligen Konviktsdirektor erhoben werden, zahlreiche weitere F\u00e4lle von schwerem physischen, psychischen und sexuellen &hellip; <a class=\"more-link\" href=\"http:\/\/kremsmuenster.action.at\/symposium\/\">Weiterlesen <span class=\"meta-nav\">&rarr;<\/span><\/a><\/p>\n","protected":false},"author":1,"featured_media":0,"parent":0,"menu_order":0,"comment_status":"closed","ping_status":"closed","template":"","meta":{"footnotes":""},"class_list":["post-2","page","type-page","status-publish","hentry"],"jetpack_sharing_enabled":true,"_links":{"self":[{"href":"http:\/\/kremsmuenster.action.at\/symposium\/wp-json\/wp\/v2\/pages\/2","targetHints":{"allow":["GET"]}}],"collection":[{"href":"http:\/\/kremsmuenster.action.at\/symposium\/wp-json\/wp\/v2\/pages"}],"about":[{"href":"http:\/\/kremsmuenster.action.at\/symposium\/wp-json\/wp\/v2\/types\/page"}],"author":[{"embeddable":true,"href":"http:\/\/kremsmuenster.action.at\/symposium\/wp-json\/wp\/v2\/users\/1"}],"replies":[{"embeddable":true,"href":"http:\/\/kremsmuenster.action.at\/symposium\/wp-json\/wp\/v2\/comments?post=2"}],"version-history":[{"count":80,"href":"http:\/\/kremsmuenster.action.at\/symposium\/wp-json\/wp\/v2\/pages\/2\/revisions"}],"predecessor-version":[{"id":267,"href":"http:\/\/kremsmuenster.action.at\/symposium\/wp-json\/wp\/v2\/pages\/2\/revisions\/267"}],"wp:attachment":[{"href":"http:\/\/kremsmuenster.action.at\/symposium\/wp-json\/wp\/v2\/media?parent=2"}],"curies":[{"name":"wp","href":"https:\/\/api.w.org\/{rel}","templated":true}]}}

<p style="text-align: left;"><a href="/symposium/wp-content/uploads/2013/02/Kremsmünster-Symposium-Programm.pdf"><img loading="lazy" decoding="async" class="size-medium wp-image-151 alignright" title="Programm als PDF" src="/symposium/wp-content/uploads/2013/02/sujet_symposium-300x300.jpg" alt="Sexueller Missbrauch in der Katholischen Kirche - " width="256" height="256" srcset="http://kremsmuenster.action.at/symposium/wp-content/uploads/2013/02/sujet_symposium-300x300.jpg 300w, http://kremsmuenster.action.at/symposium/wp-content/uploads/2013/02/sujet_symposium-150x150.jpg 150w, http://kremsmuenster.action.at/symposium/wp-content/uploads/2013/02/sujet_symposium.jpg 512w" sizes="auto, (max-width: 256px) 100vw, 256px" /></a>Im März 2010 wurde das Stift Kremsmünster und sein Gymnasium mit der verdrängten Realität seiner jüngeren Vergangenheit konfrontiert. Nach dreijähriger Ermittlungsarbeit soll nun auch Anklage gegen den ehemaligen Konviktsdirektor erhoben werden, zahlreiche weitere Fälle von schwerem physischen, psychischen und sexuellen Missbrauch sind jedoch bereits verjährt. Auch wenn sich die Öffentlichkeit über die Dimension der kolportierten Fälle fassungslos zeigt, gilt es nun abseits der medialen Erregung eine objektive wissenschaftliche Untersuchung jenes Umfeldes in die Wege zu leiten, das letztlich ein System des Missbrauchs im Stift Kremsmünster ermöglicht hat. Diese Veranstaltung will dazu Historikern, Psychologen, Juristen, Theologen und auch den Betroffenen ein Podium bieten, um deren Vorschläge, Erfahrungen und Perspektiven in den Aufarbeitungsprozess einzubringen.</p>
<h3>Donnerstag 21. März 2013, 13h-20h<br />
<a href="http://goo.gl/maps/BdMSX">Wissensturm Linz</a> &#8211; Saal E09</h3>
<p style="text-align: left;">Die Veranstaltung gliedert sich in zwei Vortragsblöcke von 13h-18h und eine abschließende offene Podiumsdiskussion von 18h-20h, moderiert von <a href="/symposium/organisation/#2">Mag. Wiltrud Katherina Hackl</a>. Sämtliche Vorträge und die Diskussion wurden vom <a href="http://www.ustream.tv/channel/educationtv">EducationTV</a> der Medienwerkstatt Linz <a href="/symposium/aufzeichnung">aufgezeichnet</a>.</p>
<table border="0">
<tbody>
<tr>
<th>13h00-13h30</th>
<td style="background-color: #f5f5f5;">Begrüßung durch <a href="http://www.linz.at/politik_verwaltung/6284_48339.asp"> Stadträtin Mag. Eva Schobesberger</a> und <a>Dir. Mag. Hubert Hummer</a><br />
Einführung von <a href="/symposium/organisation/#1">Univ.-Prof. Dr. Martin Kaltenbrunner</a></td>
</tr>
<tr>
<th>13h30-14h00</th>
<td><a href="/symposium/referenten/#1"><strong>Andreas Huckele</strong></a><br />
Autor, Absolvent Odenwaldschule</td>
</tr>
<tr>
<th>14h00-14h30</th>
<td><a href="/symposium/referenten/#2"><strong>a. Univ.-Prof Dr. Michael John</strong></a><br />
Historiker, Universität Linz</td>
</tr>
<tr>
<th>14h30-15h00</th>
<td><a href="/symposium/referenten/#3"><strong>Univ.-Prof. Dr. Alois Birklbauer</strong></a><br />
Jurist, Universität Linz</td>
</tr>
<tr>
<th>15h00-15h30</th>
<th style="background-color: #f5f5f5; color: #555;">Kaffeepause</th>
</tr>
<tr>
<th>15h30-16h00</th>
<td><a href="/symposium/referenten/#4"><strong>Prim. Dr. Heidi Kastner</strong></a><br />
Psychiaterin und Gerichtssachverständige</td>
</tr>
<tr>
<th>16h00-16h30</th>
<td><a href="/symposium/referenten/#5"><strong>Univ.-Prof. Dr. Josef C. Aigner</strong></a><br />
Psychologe, Universität Innsbruck</td>
</tr>
<tr>
<th>16h30-17h00</th>
<td><a href="/symposium/referenten/#6"><strong>Mag. P. Maximilian Bergmayr</strong></a><br />
Lehrer, Stiftsgymnasium Kremsmünster</td>
</tr>
<tr>
<th>17h00-17h30</th>
<td><a href="/symposium/referenten/#7"><strong>Mag. Jürgen Öllinger</strong></a><br />
Pfarrer, Absolvent Kremsmünster</td>
</tr>
<tr>
<th>17h30-18h00</th>
<th style="background-color: #f5f5f5; color: #555;">Kaffeepause</th>
</tr>
<tr>
<th>18h00-20h00</th>
<td><b>Offene Podiumsdiskussion moderiert von <a href="/symposium/organisation/#2">Mag. Wiltrud Katherina Hackl</a></b></td>
</tr>
</tbody>
</table>
<hr />
<p><b>Konzeption und Pressekontakt</b>: <a href="mailto:martin.kaltenbrunner@kunstuni-linz.at">Univ.-Prof. Dr. Martin Kaltenbrunner</a><br />
<b>Organisation und Veranstalter</b>: <a href="http://www.linz.at/bildung/wissensturm.asp">VHS Linz</a>, <a href="mailto:harald.wildfellner@mag.linz.at">Mag. Harald Wildfellner</a></p>

<p>Im März 2010 wurde das Stift Kremsmünster und sein Gymnasium mit der verdrängten Realität seiner jüngeren Vergangenheit konfrontiert. Nach dreijähriger Ermittlungsarbeit soll nun auch Anklage gegen den ehemaligen Konviktsdirektor erhoben werden, zahlreiche weitere Fälle von schwerem physischen, psychischen und sexuellen &hellip; <a class="more-link" href="http://kremsmuenster.action.at/symposium/">Weiterlesen <span class="meta-nav">&rarr;</span></a></p>
